{"id":287,"date":"2021-03-16T12:01:31","date_gmt":"2021-03-16T11:01:31","guid":{"rendered":"https:\/\/csrforstartups.eu\/?page_id=287"},"modified":"2021-03-22T13:04:41","modified_gmt":"2021-03-22T12:04:41","slug":"about-sum-2","status":"publish","type":"page","link":"https:\/\/csrforstartups.eu\/?page_id=287&lang=de","title":{"rendered":"About SUM"},"content":{"rendered":"\t\t<div data-elementor-type=\"wp-page\" data-elementor-id=\"287\" class=\"elementor elementor-287\">\n\t\t\t\t\t\t<section class=\"elementor-section elementor-top-section elementor-element elementor-element-0069540 elementor-section-boxed elementor-section-height-default elementor-section-height-default\" data-id=\"0069540\" data-element_type=\"section\">\n\t\t\t\t\t\t<div class=\"elementor-container elementor-column-gap-default\">\n\t\t\t\t\t<div class=\"elementor-column elementor-col-100 elementor-top-column elementor-element elementor-element-f11ad62\" data-id=\"f11ad62\" data-element_type=\"column\">\n\t\t\t<div class=\"elementor-widget-wrap elementor-element-populated\">\n\t\t\t\t\t\t<div class=\"elementor-element elementor-element-a2f296a elementor-widget elementor-widget-text-editor\" data-id=\"a2f296a\" data-element_type=\"widget\" data-widget_type=\"text-editor.default\">\n\t\t\t\t<div class=\"elementor-widget-container\">\n\t\t\t\t\t\t\t\t\t<p>In dem von Erasmus+ gef\u00f6rderten Projekt SUM wird ein Referenz-Rahmenwerk f\u00fcr Corporate Social Responsibility entworfen, das Start-up-Unternehmen dabei unterst\u00fctzen kann, soziale Verantwortung von Anfang an als ein umfassendes strategisches Instrument f\u00fcr Sichtbarkeit und Wachstum zu denken, zu planen und umsetzen.<\/p>\t\t\t\t\t\t\t\t<\/div>\n\t\t\t\t<\/div>\n\t\t\t\t\t<\/div>\n\t\t<\/div>\n\t\t\t\t\t<\/div>\n\t\t<\/section>\n\t\t\t\t<section class=\"elementor-section elementor-top-section elementor-element elementor-element-f527d94 elementor-section-boxed elementor-section-height-default elementor-section-height-default\" data-id=\"f527d94\" data-element_type=\"section\">\n\t\t\t\t\t\t<div class=\"elementor-container elementor-column-gap-default\">\n\t\t\t\t\t<div class=\"elementor-column elementor-col-100 elementor-top-column elementor-element elementor-element-7823cc5\" data-id=\"7823cc5\" data-element_type=\"column\">\n\t\t\t<div class=\"elementor-widget-wrap elementor-element-populated\">\n\t\t\t\t\t\t<div class=\"elementor-element elementor-element-7d9d11e elementor-widget elementor-widget-heading\" data-id=\"7d9d11e\" data-element_type=\"widget\" data-widget_type=\"heading.default\">\n\t\t\t\t<div class=\"elementor-widget-container\">\n\t\t\t\t\t<h3 class=\"elementor-heading-title elementor-size-default\">Zielsetzung des Projekts<\/h3>\t\t\t\t<\/div>\n\t\t\t\t<\/div>\n\t\t\t\t<div class=\"elementor-element elementor-element-78d6c8f elementor-widget elementor-widget-text-editor\" data-id=\"78d6c8f\" data-element_type=\"widget\" data-widget_type=\"text-editor.default\">\n\t\t\t\t<div class=\"elementor-widget-container\">\n\t\t\t\t\t\t\t\t\t<p>Die sozialen und \u00f6kologischen Auswirkungen unternehmerischen Handelns zu erkennen, verantwortlich zu denken und zu handeln, unternehmerische Entscheidungen auf ihre Nachhaltigkeit zu pr\u00fcfen, die eigene Entwicklung in Bezug auf CSR zu bewerten &#8211; das alles sind wesentliche Kompetenzen f\u00fcr die heutige Unternehmenswelt. SUM m\u00f6chte angehende und junge UnternehmerInnen besser auf die richtige Auseinandersetzung mit CSR-Themen vorbereiten, ihnen Orientierung geben und sie dabei unterst\u00fctzen, die notwendigen Kapazit\u00e4ten auf innovative Weise aufzubauen. Zu den Zielen von SUM geh\u00f6ren daher:<\/p>\t\t\t\t\t\t\t\t<\/div>\n\t\t\t\t<\/div>\n\t\t\t\t<div class=\"elementor-element elementor-element-a9f7daa elementor-widget elementor-widget-text-editor\" data-id=\"a9f7daa\" data-element_type=\"widget\" data-widget_type=\"text-editor.default\">\n\t\t\t\t<div class=\"elementor-widget-container\">\n\t\t\t\t\t\t\t\t\t<ul><li>F\u00f6rderung des Stellenwerts von aufrichtiger und professionell umgesetzter CSR in Unternehmen, insbesondere in Start-ups.<\/li><li>Erh\u00f6hung der Beteiligungsquote von Start-ups am CSR-Prozess durch ein offeneres Angebot und eine verbesserte institutionelle Kultur.<\/li><li>F\u00f6rderung eines besseren Verst\u00e4ndnisses von CSR (Corporate Social Responsibility), seinen Urspr\u00fcngen und Dimensionen sowie von wirtschaftlichen Anforderungen und Chancen f\u00fcr Start-ups.<\/li><li>Beitrag zur Klarstellung, was genau von Start-ups erwartet wird, um die Anforderungen an ihre Corporate Social Responsibility zu erf\u00fcllen.<\/li><li>Kapazit\u00e4tsaufbau in Start-ups f\u00fcr die Umsetzung von verantwortungsvollem unternehmerischen Handeln.<\/li><li>Hervorhebung der Transparenz als wichtiges Merkmal f\u00fcr Start-ups, um Vertrauen und Zuverl\u00e4ssigkeit zu demonstrieren; Aufzeigen von Ans\u00e4tzen zur transparenten Auslegung von CSR; F\u00f6rderung eines Belohnungssystems f\u00fcr Start-ups, das die vorbildlichsten und transparentesten Start-ups belohnt.<\/li><\/ul>\t\t\t\t\t\t\t\t<\/div>\n\t\t\t\t<\/div>\n\t\t\t\t\t<\/div>\n\t\t<\/div>\n\t\t\t\t\t<\/div>\n\t\t<\/section>\n\t\t\t\t<section class=\"elementor-section elementor-top-section elementor-element elementor-element-b940df5 elementor-section-boxed elementor-section-height-default elementor-section-height-default\" data-id=\"b940df5\" data-element_type=\"section\">\n\t\t\t\t\t\t<div class=\"elementor-container elementor-column-gap-default\">\n\t\t\t\t\t<div class=\"elementor-column elementor-col-100 elementor-top-column elementor-element elementor-element-931a3f2\" data-id=\"931a3f2\" data-element_type=\"column\">\n\t\t\t<div class=\"elementor-widget-wrap elementor-element-populated\">\n\t\t\t\t\t\t<div class=\"elementor-element elementor-element-008d005 elementor-widget elementor-widget-heading\" data-id=\"008d005\" data-element_type=\"widget\" data-widget_type=\"heading.default\">\n\t\t\t\t<div class=\"elementor-widget-container\">\n\t\t\t\t\t<h3 class=\"elementor-heading-title elementor-size-default\">Vorgehensweise und Angebot<\/h3>\t\t\t\t<\/div>\n\t\t\t\t<\/div>\n\t\t\t\t<div class=\"elementor-element elementor-element-3419254 elementor-widget elementor-widget-text-editor\" data-id=\"3419254\" data-element_type=\"widget\" data-widget_type=\"text-editor.default\">\n\t\t\t\t<div class=\"elementor-widget-container\">\n\t\t\t\t\t\t\t\t\t<p>Die Partnerorganisationen des Projekts haben sich zusammengeschlossen, um die Projektziele durch folgende Ma\u00dfnahmen zu realisieren:<\/p>\t\t\t\t\t\t\t\t<\/div>\n\t\t\t\t<\/div>\n\t\t\t\t<div class=\"elementor-element elementor-element-16f9ea4 elementor-widget elementor-widget-text-editor\" data-id=\"16f9ea4\" data-element_type=\"widget\" data-widget_type=\"text-editor.default\">\n\t\t\t\t<div class=\"elementor-widget-container\">\n\t\t\t\t\t\t\t\t\t<ul><li>Etablierung eines <strong>Corporate Social Responsibility (CSR)-Rahmenwerks und eines Steuerungsansatzes f\u00fcr Start-up-Unternehmen<\/strong>, der als Standard auf regionaler, nationaler und europ\u00e4ischer Ebene gelten kann und die Rechte, Besch\u00e4ftigungsf\u00e4higkeit, Rechenschaftspflicht und Beteiligung der EU-B\u00fcrgerInnen sowie soziale Gerechtigkeit und Umweltanliegen umfassend ber\u00fccksichtigt.<\/li><li>Entwicklung und Pilotierung eines innovativen <strong>Lern- und Unterst\u00fctzungskonzepts zur Wahrnehmung unternehmerischer Verantwortung<\/strong> durch Gr\u00fcnderInnen und ihre MitarbeiterInnen sowie angehende UnternehmerInnen. Die vorgesehene Methodik wird flexibles handlungsorientiertes Lernen in authentischen Situationen, Peer-Unterst\u00fctzung, Online-Lernen und Exkursionen umfassen. Um die Anerkennung und Zertifizierung der jeweiligen Lernergebnisse zu erleichtern, wird SUM sein Aus- und Weiterbildungsangebot auf den Prinzipien von ECVET (European Credit System for Vocational Education and Training) bzw. ECTS (European Credit Transfer System, das europ\u00e4ische Transfer- und Akkumulationssystem f\u00fcr akademische Leistungen) aufbauen.<\/li><li>Bereitstellung einer <strong>frei zug\u00e4nglichen Online-Toolbox<\/strong> mit ausgew\u00e4hlten Lerneinheiten, Materialien, Methoden und Werkzeugen zur Ber\u00fccksichtigung und Integration von CSR in Start-ups.<\/li><li>Erstellung eines <strong>Leitfadens zur Anpassung von Ausbildung und Politik<\/strong>, der auf der Grundlage der Piloterfahrungen im Rahmen des Projektes Empfehlungen f\u00fcr die Integration des Ausbildungsangebots und der Akkreditierungsprozesse in verschiedenen Bildungskontexten ableitet und zuk\u00fcnftige Richtlinien und Initiativen in \u00e4hnlichen Bereichen informiert. Der Leitfaden wird als interaktives e-Book gestaltet und ver\u00f6ffentlicht.<\/li><\/ul>\t\t\t\t\t\t\t\t<\/div>\n\t\t\t\t<\/div>\n\t\t\t\t\t<\/div>\n\t\t<\/div>\n\t\t\t\t\t<\/div>\n\t\t<\/section>\n\t\t\t\t<section class=\"elementor-section elementor-top-section elementor-element elementor-element-a0d78f7 elementor-section-boxed elementor-section-height-default elementor-section-height-default\" data-id=\"a0d78f7\" data-element_type=\"section\">\n\t\t\t\t\t\t<div class=\"elementor-container elementor-column-gap-default\">\n\t\t\t\t\t<div class=\"elementor-column elementor-col-100 elementor-top-column elementor-element elementor-element-41373bd\" data-id=\"41373bd\" data-element_type=\"column\">\n\t\t\t<div class=\"elementor-widget-wrap elementor-element-populated\">\n\t\t\t\t\t\t<div class=\"elementor-element elementor-element-de6dba7 elementor-widget elementor-widget-heading\" data-id=\"de6dba7\" data-element_type=\"widget\" data-widget_type=\"heading.default\">\n\t\t\t\t<div class=\"elementor-widget-container\">\n\t\t\t\t\t<h3 class=\"elementor-heading-title elementor-size-default\">Zielgruppe des Projekts<\/h3>\t\t\t\t<\/div>\n\t\t\t\t<\/div>\n\t\t\t\t<div class=\"elementor-element elementor-element-a3c7507 elementor-widget elementor-widget-text-editor\" data-id=\"a3c7507\" data-element_type=\"widget\" data-widget_type=\"text-editor.default\">\n\t\t\t\t<div class=\"elementor-widget-container\">\n\t\t\t\t\t\t\t\t\t<p>Der SUM-Ansatz richtet sich an die folgenden Zielgruppen:<\/p>\t\t\t\t\t\t\t\t<\/div>\n\t\t\t\t<\/div>\n\t\t\t\t<div class=\"elementor-element elementor-element-495ca06 elementor-widget elementor-widget-text-editor\" data-id=\"495ca06\" data-element_type=\"widget\" data-widget_type=\"text-editor.default\">\n\t\t\t\t<div class=\"elementor-widget-container\">\n\t\t\t\t\t\t\t\t\t<ul><li><strong>Start-up-UnternehmerInnen und ihre MitarbeiterInnen<\/strong>, die sich praxisnah mit dem Thema CSR auseinandersetzen wollen;<\/li><li><strong>TrainerInnen und P\u00e4dagogInnen<\/strong>, die entsprechende Trainingsangebote umsetzen wollen;<\/li><li><strong>UnternehmensberaterInnen<\/strong> und sonstige Fachkr\u00e4fte, die Start-up-Unternehmen unterst\u00fctzen und begleiten;<\/li><li><strong>Forschende und Lehrende<\/strong>, die sich mit dem Thema CSR besch\u00e4ftigen;<\/li><li><strong>Politische AkteurInnen und Entscheidungstr\u00e4gerInnen<\/strong> sowie andere relevante ExpertInnen und Anspruchsgruppen, die Start-ups unterst\u00fctzen, Bildungsagenden und -angebote gestalten und sich f\u00fcr Nachhaltigkeit und unternehmerische Verantwortung einsetzen.<\/li><\/ul>\t\t\t\t\t\t\t\t<\/div>\n\t\t\t\t<\/div>\n\t\t\t\t\t<\/div>\n\t\t<\/div>\n\t\t\t\t\t<\/div>\n\t\t<\/section>\n\t\t\t\t<\/div>\n\t\t","protected":false},"excerpt":{"rendered":"<p>In dem von Erasmus+ gef\u00f6rderten Projekt SUM wird ein Referenz-Rahmenwerk f\u00fcr Corporate Social Responsibility entworfen, das Start-up-Unternehmen dabei unterst\u00fctzen kann, soziale Verantwortung von Anfang an als ein umfassendes strategisches Instrument f\u00fcr Sichtbarkeit und Wachstum zu denken, zu planen und umsetzen. Zielsetzung des Projekts Die sozialen und \u00f6kologischen Auswirkungen unternehmerischen Handelns zu erkennen, verantwortlich zu denken [&hellip;]<\/p>\n","protected":false},"author":1,"featured_media":0,"parent":0,"menu_order":1,"comment_status":"closed","ping_status":"closed","template":"","meta":{"footnotes":""},"class_list":["post-287","page","type-page","status-publish","hentry"],"_links":{"self":[{"href":"https:\/\/csrforstartups.eu\/index.php?rest_route=\/wp\/v2\/pages\/287","targetHints":{"allow":["GET"]}}],"collection":[{"href":"https:\/\/csrforstartups.eu\/index.php?rest_route=\/wp\/v2\/pages"}],"about":[{"href":"https:\/\/csrforstartups.eu\/index.php?rest_route=\/wp\/v2\/types\/page"}],"author":[{"embeddable":true,"href":"https:\/\/csrforstartups.eu\/index.php?rest_route=\/wp\/v2\/users\/1"}],"replies":[{"embeddable":true,"href":"https:\/\/csrforstartups.eu\/index.php?rest_route=%2Fwp%2Fv2%2Fcomments&post=287"}],"version-history":[{"count":24,"href":"https:\/\/csrforstartups.eu\/index.php?rest_route=\/wp\/v2\/pages\/287\/revisions"}],"predecessor-version":[{"id":372,"href":"https:\/\/csrforstartups.eu\/index.php?rest_route=\/wp\/v2\/pages\/287\/revisions\/372"}],"wp:attachment":[{"href":"https:\/\/csrforstartups.eu\/index.php?rest_route=%2Fwp%2Fv2%2Fmedia&parent=287"}],"curies":[{"name":"wp","href":"https:\/\/api.w.org\/{rel}","templated":true}]}}