{"id":739,"date":"2022-08-17T21:57:39","date_gmt":"2022-08-17T19:57:39","guid":{"rendered":"https:\/\/csrforstartups.eu\/impressum\/"},"modified":"2022-08-17T22:03:49","modified_gmt":"2022-08-17T20:03:49","slug":"impressum","status":"publish","type":"page","link":"https:\/\/csrforstartups.eu\/?page_id=739&lang=de","title":{"rendered":"Impressum"},"content":{"rendered":"<div class=\"inner-wrap\">\n<div id=\"primary\">\n<div id=\"content\" class=\"clearfix\">\n<article id=\"post-77\" class=\"post-77 page type-page status-publish hentry\">\n<div class=\"entry-content clearfix\">\n<h1 class=\"bodytext\">Impressum<\/h1>\n<p class=\"bodytext\">\u201edie Berater\u201c<br \/>\nUnternehmensberatungs GmbH<br \/>\nWipplingerstra\u00dfe 32\/Top 23-25<br \/>\nA-1010 Wien<br \/>\nTel.: +43 1 532 45 45-0<br \/>\nFax: +43 1 532 45 45-1145<br \/>\nE-Mail:\u00a0<a href=\"mailto:office@dieberater.com\">office@dieberater.com<\/a><br \/>\nwww.dieberater.com<\/p>\n<p class=\"bodytext\">Kammerzugeh\u00f6rigkeit: Wirtschaftskammer Wien<br \/>\nFirmenbuchnummer: FN 172936 V<br \/>\nUID: ATU 51170405<br \/>\nDVR: 0974072<\/p>\n<p><b>Medieninhaber:<\/b><br \/>\nMag. Martin R\u00f6hsner<br \/>\nGesch\u00e4ftsf\u00fchrung<\/p>\n<p><b>Unternehmensgegenstand:<\/b><br \/>\nUnternehmensgegenstand ist Consulting, Training und Coaching von KundInnen im \u00f6ffentlichen und privaten Sektor.<\/p>\n<p>AuftraggeberIn im \u00d6ffentlichen Sektor sind vorrangig das Arbeitsmarktservice in \u00d6sterreich, Ministerien, die Europ\u00e4ische Kommission sowie das gesamte Bildungssystem.<br \/>\nWir wenden uns mit unserem Dienstleistungsangebot an unterschiedlichste Zielgruppen, wobei die jeweiligen Inhalte zielgruppenad\u00e4quat geplant, organisiert und umgesetzt werden. Unser Dienstleistungsangebot umfasst sowohl fachspezifische Ausbildungsinhalte, sowie pers\u00f6nlichkeitsbildende Elemente.<\/p>\n<p>Consulting umfasst die Bereiche Unternehmensberatung, Outplacement, Training und Coaching. Die Beratungsauftr\u00e4ge beziehen sich vorrangig auf Prozessmodellierungen, Organisations- und Personalentwicklungsma\u00dfnahmen.<\/p>\n<p>Grundlage unseres Handelns sind der systemisch konstruktivistische Ansatz und die Unternehmensgrunds\u00e4tze.<br \/>\nNeben fachspezifischen Ausbildungen (IT, Sprachen etc.) bieten wir unseren KundInnen und deren MitarbeiterInnen unsere Dienstleistungen in allen Phasen der jeweiligen Unternehmensentwicklung (z.B. Expansionsprojekte, Outplacementma\u00dfnahmen) an.<\/p>\n<p>Gemeinsam mit unseren KooperationspartnerInnen ist es unser Bestreben, unseren KundInnen eine m\u00f6glichst ganzheitliche Consulting- und Trainingsdienstleistung anbieten zu k\u00f6nnen.<\/p>\n<p><b>Grundlegende Richtung:\u00a0<\/b><br \/>\nDie Internetseite dient der Information \u00fcber die Aktivit\u00e4ten des Unternehmens \u201edie Berater\u201c Unternehmensberatungs GmbH und seiner Dienstleistungen.<\/p>\n<\/div>\n<\/article>\n<\/div>\n<\/div>\n<\/div>\n","protected":false},"excerpt":{"rendered":"<p>Impressum \u201edie Berater\u201c Unternehmensberatungs GmbH Wipplingerstra\u00dfe 32\/Top 23-25 A-1010 Wien Tel.: +43 1 532 45 45-0 Fax: +43 1 532 45 45-1145 E-Mail:\u00a0office@dieberater.com www.dieberater.com Kammerzugeh\u00f6rigkeit: Wirtschaftskammer Wien Firmenbuchnummer: FN 172936 V UID: ATU 51170405 DVR: 0974072 Medieninhaber: Mag. Martin R\u00f6hsner Gesch\u00e4ftsf\u00fchrung Unternehmensgegenstand: Unternehmensgegenstand ist Consulting, Training und Coaching von KundInnen im \u00f6ffentlichen und privaten Sektor. [&hellip;]<\/p>\n","protected":false},"author":1,"featured_media":0,"parent":0,"menu_order":0,"comment_status":"closed","ping_status":"closed","template":"","meta":{"footnotes":""},"class_list":["post-739","page","type-page","status-publish","hentry"],"_links":{"self":[{"href":"https:\/\/csrforstartups.eu\/index.php?rest_route=\/wp\/v2\/pages\/739","targetHints":{"allow":["GET"]}}],"collection":[{"href":"https:\/\/csrforstartups.eu\/index.php?rest_route=\/wp\/v2\/pages"}],"about":[{"href":"https:\/\/csrforstartups.eu\/index.php?rest_route=\/wp\/v2\/types\/page"}],"author":[{"embeddable":true,"href":"https:\/\/csrforstartups.eu\/index.php?rest_route=\/wp\/v2\/users\/1"}],"replies":[{"embeddable":true,"href":"https:\/\/csrforstartups.eu\/index.php?rest_route=%2Fwp%2Fv2%2Fcomments&post=739"}],"version-history":[{"count":2,"href":"https:\/\/csrforstartups.eu\/index.php?rest_route=\/wp\/v2\/pages\/739\/revisions"}],"predecessor-version":[{"id":745,"href":"https:\/\/csrforstartups.eu\/index.php?rest_route=\/wp\/v2\/pages\/739\/revisions\/745"}],"wp:attachment":[{"href":"https:\/\/csrforstartups.eu\/index.php?rest_route=%2Fwp%2Fv2%2Fmedia&parent=739"}],"curies":[{"name":"wp","href":"https:\/\/api.w.org\/{rel}","templated":true}]}}